{"id":90614,"date":"2024-06-13T16:16:19","date_gmt":"2024-06-13T16:16:19","guid":{"rendered":"https:\/\/kailashhomefoundation.org\/?page_id=90614"},"modified":"2024-06-13T16:20:40","modified_gmt":"2024-06-13T16:20:40","slug":"privacy-policy-2","status":"publish","type":"page","link":"https:\/\/kailashhomefoundation.org\/en\/privacy-policy-2","title":{"rendered":"Privacy Policy"},"content":{"rendered":"\t\t<div data-elementor-type=\"wp-page\" data-elementor-id=\"90614\" class=\"elementor elementor-90614 elementor-90613\" data-elementor-post-type=\"page\">\n\t\t\t\t<div class=\"elementor-element elementor-element-25ace97 e-flex e-con-boxed e-con e-parent\" data-id=\"25ace97\" data-element_type=\"container\" data-e-type=\"container\">\n\t\t\t\t\t<div class=\"e-con-inner\">\n\t\t\t\t<div class=\"elementor-element elementor-element-1de16962 elementor-widget elementor-widget-text-editor\" data-id=\"1de16962\" data-element_type=\"widget\" data-e-type=\"widget\" data-widget_type=\"text-editor.default\">\n\t\t\t\t<div class=\"elementor-widget-container\">\n\t\t\t\t\t\t\t\t\t<p><br \/>Pol\u00edtica de Galetes (cookies)<br \/><br \/><br \/>Introducci\u00f3:<br \/><br \/>La present Pol\u00edtica de Privacitat ha estat desenvolupada tenint en compte el que es disposa a la Llei Org\u00e0nica de Protecci\u00f3 de Dades de car\u00e0cter personal en vigor, aix\u00ed com pel Reglament 2016\/679 del Parlament Europeu i del consell del 27 d\u2019abril de 2016 relatiu a la protecci\u00f3 de les persones f\u00edsiques pel que fa al tractament de dades personals i a la circulaci\u00f3 d\u2019aquestes, d\u2019ara endavant el RGPD.<\/p>\n<p>Aquesta Pol\u00edtica de Privacitat t\u00e9 per objecte posar en coneixement dels titulars de les dades personals, respecte dels quals s\u2019est\u00e0 recollint informaci\u00f3, els aspectes espec\u00edfics relatius al tractament de les seves dades, entre altres coses, les finalitats dels tractaments, les dades de contacte per exercir els drets que l\u2019assisteixen, els terminis de conservaci\u00f3 de la informaci\u00f3 i les mesures de seguretat entre altres coses.<\/p>\n<p>Responsable del tractament<br \/>En termes de protecci\u00f3 de dades Fund. Muntanyencs per l\u2019Him\u00e0laia, ha de ser considerat responsable del tractament, en relaci\u00f3 als fitxers\/tractaments identificats en la present pol\u00edtica, concretament en l\u2019apartat tractaments de dades.<\/p>\n<p>Ra\u00f3 social: Fund. Muntanyencs per l\u2019Himalaia<\/p>\n<p>NRT: U800422X<\/p>\n<p>Direcci\u00f3: Pla\u00e7a de la germandat N\u00ba 9<\/p>\n<p>Tel\u00e8fon: +376 800 515<\/p>\n<p>Correu- e: rgdp@mount4him.org<\/p>\n<p>Tractament de dades<br \/>Les dades de car\u00e0cter personal que se sol\u00b7licitin, si escau, consistiran \u00fanicament en aquelles estrictament imprescindibles per identificar i atendre la sol\u00b7licitud realitzada pel titular dels mateixos, d\u2019ara endavant l\u2019interessat. Aquesta informaci\u00f3 ser\u00e0 tractada de forma lleial, l\u00edcita i transparent en relaci\u00f3 amb l\u2019interessat. D\u2019altra banda, les dades personals seran recollides per a finalitats determinades, expl\u00edcites i leg\u00edtimes, no sent tractades ulteriorment de manera incompatible amb aquestes finalitats.<\/p>\n<p>Les dades recollides de cada interessat seran adequades, pertinents i no excessives en relaci\u00f3 a les finalitats corresponents per a cada cas, i seran actualitzades sempre que sigui necessari.<\/p>\n<p>El titular de les dades ser\u00e0 informat, amb car\u00e0cter previ a la recollida de les seves dades, dels extrems generals regulats en aquesta pol\u00edtica a fi que pugui prestar el consentiment expr\u00e9s, prec\u00eds i inequ\u00edvoc per al tractament de les seves dades, conforme als seg\u00fcents aspectes.<\/p>\n<p>Finalitats del Tractament<br \/>Les finalitats expl\u00edcites per les quals es duen a terme cadascun dels tractaments v\u00e9nen recollides en les cl\u00e0usules informatives incorporades en cadascuna de les vies de presa de dades.<\/p>\n<p>No obstant aix\u00f2, les dades de car\u00e0cter personal de l\u2019interessat seran tractades amb l\u2019exclusiva finalitat de proporcionar-los una resposta efectiva i atendre les sol\u00b7licituds practicades per l\u2019usuari, especificades al costat de l\u2019opci\u00f3, servei, formulari o sistema de presa de dades que el titular utilitzi.<\/p>\n<p>Legitimaci\u00f3<\/p>\n<p>Per regla general, previ al tractament de les dades personals, Fund. Muntanyencs per l\u2019Him\u00e0laia obt\u00e9 consentiment expr\u00e9s i inequ\u00edvoc del titular de les mateixes, mitjan\u00e7ant la incorporaci\u00f3 de cl\u00e0usules de consentiment informat en els diferents sistemes de recollida d\u2019informaci\u00f3.<\/p>\n<p>No obstant aix\u00f2, en cas que no es requereixi el consentiment de l\u2019interessat, la base legitimadora del tractament en la qual s\u2019empara Fund. Muntanyencs per l\u2019Him\u00e0laia \u00e9s l\u2019exist\u00e8ncia d\u2019una llei o norma espec\u00edfica que autoritzi o exigeixi el tractament de les dades de l\u2019interessat.<\/p>\n<p>\u00a0<\/p>\n<p>Destinatari<\/p>\n<p>Per regla general, Fund. Muntanyencs per l\u2019Him\u00e0laia no procedeix a la cessi\u00f3 o comunicaci\u00f3 de les dades a terceres entitats, excepte les requerides legalment. No obstant aix\u00f2, en cas que fos necessari, aquestes cessions o comunicacions de dades s\u2019informen a l\u2019interessat a trav\u00e9s de les cl\u00e0usules de consentiment informat contingudes en les diferents vies de recollida de dades personals.<\/p>\n<p>\u00a0<\/p>\n<p>Proced\u00e8ncia<\/p>\n<p>Per regla general, les dades personals es recullen sempre directament de l\u2019interessat. No obstant aix\u00f2, en determinades excepcions, les dades poden ser recollides a trav\u00e9s de terceres persones, entitats o serveis diferents de l\u2019interessat. En aquest sentit, aquest extrem ser\u00e0 traslladat a l\u2019interessat a trav\u00e9s de les cl\u00e0usules de consentiment informat contingudes en les diferents vies de recollida d\u2019informaci\u00f3 i dins d\u2019un termini raonable, una vegada obtingudes les dades i, a tot tardar, en el termini d\u2019un mes.<\/p>\n<p>\u00a0<\/p>\n<p>Terminis de conservaci\u00f3<\/p>\n<p>La informaci\u00f3 recaptada de l\u2019interessat ser\u00e0 conservada mentre sigui necess\u00e0ria per complir amb la finalitat per la qual van ser recaptades les dades personals, de manera que, una vegada complerta la finalitat les dades seran cancel\u00b7lades. Aquesta cancel\u00b7laci\u00f3 donar\u00e0 lloc al bloqueig de les dades conservant-se \u00fanicament a la disposici\u00f3 de les AAPP, jutges i tribunals, per atendre les possibles responsabilitats nascudes del tractament, durant el termini de prescripci\u00f3 d\u2019aquestes. Complert el citat termini es procedir\u00e0 a la destrucci\u00f3 de la informaci\u00f3.<\/p>\n<p>\u00a0<\/p>\n<p>Dades de navegaci\u00f3<br \/>En relaci\u00f3 a les dades de navegaci\u00f3 que es puguin tractar a trav\u00e9s de lloc web, en cas que es recullin dades sotmeses a la normativa, es recomana consultar la Pol\u00edtica de Cookies publicada en el nostre web.<\/p>\n<p>Drets dels interessats<br \/>La normativa en mat\u00e8ria de protecci\u00f3 de dades atorga una s\u00e8rie de drets als interessats o titulars de les dades, usuaris de lloc web o usuaris dels perfils de les xarxes socials de Fund. Muntanyencs per l\u2019Him\u00e0laia.<\/p>\n<p>Aquests drets que assisteixen a les persones interessades s\u00f3n els seg\u00fcents:<\/p>\n<p>Dret d\u2019acc\u00e9s: dret a obtenir informaci\u00f3 sobre si les seves pr\u00f2pies dades estan sent objecte de tractament, la finalitat del tractament que s\u2019estigui realitzant, les categories de dades que es tracti, els destinataris o categories de destinataris, el termini de conservaci\u00f3 i l\u2019origen d\u2019aquestes dades.<\/p>\n<p>Dret de rectificaci\u00f3: dret a obtenir la rectificaci\u00f3 de les dades personals inexactes o incomplertes.<br \/>Dret de supressi\u00f3: dret a obtenir la supressi\u00f3 de les dades en els seg\u00fcents sup\u00f2sits:<br \/>Quan les dades ja no siguin necess\u00e0ries per a la finalitat per la qual van ser recaptades<br \/>Quan el titular de les mateixes retiri el consentiment<br \/>Quan l\u2019interessat s\u2019oposi al tractament<br \/>Quan hagin de suprimir-se en compliment d\u2019una obligaci\u00f3 legal<br \/>Quan les dades s\u2019hagin obtingut en virtut d\u2019un servei de societat de la informaci\u00f3 sobre la base del que es disposa en l\u2019art. 8 apt. 1 del Reglament Europeu sobre protecci\u00f3 de dades.<br \/>Dret d\u2019oposici\u00f3: dret a oposar-se a un determinat tractament basat en el consentiment de l\u2019interessat.<br \/>Dret de limitaci\u00f3: dret a obtenir la limitaci\u00f3 del tractament de les dades en els seg\u00fcents sup\u00f2sits:<br \/>Quan l\u2019interessat impugni l\u2019exactitud de les dades personals, durant un termini que permeti a l\u2019empresa verificar l\u2019exactitud de les mateixes.<br \/>Quan el tractament sigui il\u00b7l\u00edcit i l\u2019interessat s\u2019oposi a la supressi\u00f3 de les dades.<br \/>Quan l\u2019empresa ja no necessiti les dades per a les finalitats pels quals van ser recaptades, per\u00f2 l\u2019interessat les necessiti per a la formulaci\u00f3, l\u2019exercici o la defensa de reclamacions.<br \/>Quan l\u2019interessat s\u2019hagi oposat al tractament mentre es verifica si els motius leg\u00edtims de l\u2019empresa prevalen sobre els de l\u2019interessat.<br \/>Dret a la portabilitat: dret a obtenir les dades en un format estructurat, d\u2019\u00fas com\u00fa i de lectura mec\u00e0nica, i a transmetre-les a un altre responsable del tractament quan:<br \/>El tractament estigui basat en el consentiment<br \/>El tractament s\u2019efectu\u00ef per mitjans automatitzats<br \/>Dret a presentar una reclamaci\u00f3 davant l\u2019autoritat de control competent<\/p>\n<p>Els interessats podran exercitar els drets indicats, dirigint-se a Fund. Muntanyencs per l\u2019Him\u00e0laia mitjan\u00e7ant escrit, rem\u00e8s a la seg\u00fcent adre\u00e7a electr\u00f2nica: rgdp@mount4him.org indicant en la l\u00ednia d\u2019Assumpte el dret que desitja exercitar.<\/p>\n<p>En aquest sentit, Fund. Muntanyencs per l\u2019Him\u00e0laia atendr\u00e0 la seva sol\u00b7licitud com m\u00e9s aviat millor i tenint en compte els terminis previstos a la normativa en mat\u00e8ria de protecci\u00f3 de dades.<\/p>\n<p>Seguretat<br \/>Les mesures de seguretat adoptades per Fund. Muntanyencs per l\u2019Him\u00e0laia s\u00f3n aquelles requerides, de conformitat amb l\u2019establert a l\u2019article 32 del RGPD. En aquest sentit, Fund. Muntanyencs per l\u2019Him\u00e0laia, tenint en compte l\u2019estat de la t\u00e8cnica, els costos d\u2019aplicaci\u00f3 i la naturalesa, l\u2019abast, el context i les finalitats del tractament, aix\u00ed com els riscos de probabilitat i gravetat variables per als drets i les llibertats de les persones f\u00edsiques, t\u00e9 establertes les mesures t\u00e8cniques i organitzatives apropiades per garantir el nivell de seguretat adequat al risc existent.<\/p>\n<p>En tot cas, Fund. Muntanyencs per l\u2019Him\u00e0laia t\u00e9 implementats els mecanismes suficients per a:<\/p>\n<p>Garantir la confidencialitat, integritat, disponibilitat i resili\u00e8ncia permanents dels sistemes i serveis de tractament.<br \/>Restaurar la disponibilitat i l\u2019acc\u00e9s a les dades personals de forma r\u00e0pida, en cas d\u2019incident f\u00edsic o t\u00e8cnic.<br \/>Verificar, avaluar i valorar, de forma regular, l\u2019efic\u00e0cia de les mesures t\u00e8cniques i organitzatives implantades per garantir la seguretat del tractament.<br \/>Pseudonimitzar i xifrar les dades personals, si escau.<\/p>\n\t\t\t\t\t\t\t\t<\/div>\n\t\t\t\t<\/div>\n\t\t\t\t\t<\/div>\n\t\t\t\t<\/div>\n\t\t\t\t<\/div>\n\t\t","protected":false},"excerpt":{"rendered":"<p>Who we are Our website address is: https:\/\/kailashhomefoundation.org. What personal data we collect and why we collect it Comments When visitors leave comments on the site we collect the data shown in the comments form, and also the visitor&#8217;s IP address and browser user agent string to help spam detection. An anonymized string created from&hellip;<\/p>\n","protected":false},"author":1,"featured_media":0,"parent":0,"menu_order":0,"comment_status":"closed","ping_status":"closed","template":"","meta":{"footnotes":""},"class_list":["post-90614","page","type-page","status-publish","hentry"],"_links":{"self":[{"href":"https:\/\/kailashhomefoundation.org\/en\/wp-json\/wp\/v2\/pages\/90614","targetHints":{"allow":["GET"]}}],"collection":[{"href":"https:\/\/kailashhomefoundation.org\/en\/wp-json\/wp\/v2\/pages"}],"about":[{"href":"https:\/\/kailashhomefoundation.org\/en\/wp-json\/wp\/v2\/types\/page"}],"author":[{"embeddable":true,"href":"https:\/\/kailashhomefoundation.org\/en\/wp-json\/wp\/v2\/users\/1"}],"replies":[{"embeddable":true,"href":"https:\/\/kailashhomefoundation.org\/en\/wp-json\/wp\/v2\/comments?post=90614"}],"version-history":[{"count":1,"href":"https:\/\/kailashhomefoundation.org\/en\/wp-json\/wp\/v2\/pages\/90614\/revisions"}],"predecessor-version":[{"id":90621,"href":"https:\/\/kailashhomefoundation.org\/en\/wp-json\/wp\/v2\/pages\/90614\/revisions\/90621"}],"wp:attachment":[{"href":"https:\/\/kailashhomefoundation.org\/en\/wp-json\/wp\/v2\/media?parent=90614"}],"curies":[{"name":"wp","href":"https:\/\/api.w.org\/{rel}","templated":true}]}}

<div data-elementor-type="wp-page" data-elementor-id="90614" class="elementor elementor-90614 elementor-90613" data-elementor-post-type="page">
				<div class="elementor-element elementor-element-25ace97 e-flex e-con-boxed e-con e-parent" data-id="25ace97" data-element_type="container" data-e-type="container">
					<div class="e-con-inner">
				<div class="elementor-element elementor-element-1de16962 elementor-widget elementor-widget-text-editor" data-id="1de16962" data-element_type="widget" data-e-type="widget" data-widget_type="text-editor.default">
				<div class="elementor-widget-container">
									<p><br />Política de Galetes (cookies)<br /><br /><br />Introducció:<br /><br />La present Política de Privacitat ha estat desenvolupada tenint en compte el que es disposa a la Llei Orgànica de Protecció de Dades de caràcter personal en vigor, així com pel Reglament 2016/679 del Parlament Europeu i del consell del 27 d’abril de 2016 relatiu a la protecció de les persones físiques pel que fa al tractament de dades personals i a la circulació d’aquestes, d’ara endavant el RGPD.</p>
<p>Aquesta Política de Privacitat té per objecte posar en coneixement dels titulars de les dades personals, respecte dels quals s’està recollint informació, els aspectes específics relatius al tractament de les seves dades, entre altres coses, les finalitats dels tractaments, les dades de contacte per exercir els drets que l’assisteixen, els terminis de conservació de la informació i les mesures de seguretat entre altres coses.</p>
<p>Responsable del tractament<br />En termes de protecció de dades Fund. Muntanyencs per l’Himàlaia, ha de ser considerat responsable del tractament, en relació als fitxers/tractaments identificats en la present política, concretament en l’apartat tractaments de dades.</p>
<p>Raó social: Fund. Muntanyencs per l’Himalaia</p>
<p>NRT: U800422X</p>
<p>Direcció: Plaça de la germandat Nº 9</p>
<p>Telèfon: +376 800 515</p>
<p>Correu- e: rgdp@mount4him.org</p>
<p>Tractament de dades<br />Les dades de caràcter personal que se sol·licitin, si escau, consistiran únicament en aquelles estrictament imprescindibles per identificar i atendre la sol·licitud realitzada pel titular dels mateixos, d’ara endavant l’interessat. Aquesta informació serà tractada de forma lleial, lícita i transparent en relació amb l’interessat. D’altra banda, les dades personals seran recollides per a finalitats determinades, explícites i legítimes, no sent tractades ulteriorment de manera incompatible amb aquestes finalitats.</p>
<p>Les dades recollides de cada interessat seran adequades, pertinents i no excessives en relació a les finalitats corresponents per a cada cas, i seran actualitzades sempre que sigui necessari.</p>
<p>El titular de les dades serà informat, amb caràcter previ a la recollida de les seves dades, dels extrems generals regulats en aquesta política a fi que pugui prestar el consentiment exprés, precís i inequívoc per al tractament de les seves dades, conforme als següents aspectes.</p>
<p>Finalitats del Tractament<br />Les finalitats explícites per les quals es duen a terme cadascun dels tractaments vénen recollides en les clàusules informatives incorporades en cadascuna de les vies de presa de dades.</p>
<p>No obstant això, les dades de caràcter personal de l’interessat seran tractades amb l’exclusiva finalitat de proporcionar-los una resposta efectiva i atendre les sol·licituds practicades per l’usuari, especificades al costat de l’opció, servei, formulari o sistema de presa de dades que el titular utilitzi.</p>
<p>Legitimació</p>
<p>Per regla general, previ al tractament de les dades personals, Fund. Muntanyencs per l’Himàlaia obté consentiment exprés i inequívoc del titular de les mateixes, mitjançant la incorporació de clàusules de consentiment informat en els diferents sistemes de recollida d’informació.</p>
<p>No obstant això, en cas que no es requereixi el consentiment de l’interessat, la base legitimadora del tractament en la qual s’empara Fund. Muntanyencs per l’Himàlaia és l’existència d’una llei o norma específica que autoritzi o exigeixi el tractament de les dades de l’interessat.</p>
<p> </p>
<p>Destinatari</p>
<p>Per regla general, Fund. Muntanyencs per l’Himàlaia no procedeix a la cessió o comunicació de les dades a terceres entitats, excepte les requerides legalment. No obstant això, en cas que fos necessari, aquestes cessions o comunicacions de dades s’informen a l’interessat a través de les clàusules de consentiment informat contingudes en les diferents vies de recollida de dades personals.</p>
<p> </p>
<p>Procedència</p>
<p>Per regla general, les dades personals es recullen sempre directament de l’interessat. No obstant això, en determinades excepcions, les dades poden ser recollides a través de terceres persones, entitats o serveis diferents de l’interessat. En aquest sentit, aquest extrem serà traslladat a l’interessat a través de les clàusules de consentiment informat contingudes en les diferents vies de recollida d’informació i dins d’un termini raonable, una vegada obtingudes les dades i, a tot tardar, en el termini d’un mes.</p>
<p> </p>
<p>Terminis de conservació</p>
<p>La informació recaptada de l’interessat serà conservada mentre sigui necessària per complir amb la finalitat per la qual van ser recaptades les dades personals, de manera que, una vegada complerta la finalitat les dades seran cancel·lades. Aquesta cancel·lació donarà lloc al bloqueig de les dades conservant-se únicament a la disposició de les AAPP, jutges i tribunals, per atendre les possibles responsabilitats nascudes del tractament, durant el termini de prescripció d’aquestes. Complert el citat termini es procedirà a la destrucció de la informació.</p>
<p> </p>
<p>Dades de navegació<br />En relació a les dades de navegació que es puguin tractar a través de lloc web, en cas que es recullin dades sotmeses a la normativa, es recomana consultar la Política de Cookies publicada en el nostre web.</p>
<p>Drets dels interessats<br />La normativa en matèria de protecció de dades atorga una sèrie de drets als interessats o titulars de les dades, usuaris de lloc web o usuaris dels perfils de les xarxes socials de Fund. Muntanyencs per l’Himàlaia.</p>
<p>Aquests drets que assisteixen a les persones interessades són els següents:</p>
<p>Dret d’accés: dret a obtenir informació sobre si les seves pròpies dades estan sent objecte de tractament, la finalitat del tractament que s’estigui realitzant, les categories de dades que es tracti, els destinataris o categories de destinataris, el termini de conservació i l’origen d’aquestes dades.</p>
<p>Dret de rectificació: dret a obtenir la rectificació de les dades personals inexactes o incomplertes.<br />Dret de supressió: dret a obtenir la supressió de les dades en els següents supòsits:<br />Quan les dades ja no siguin necessàries per a la finalitat per la qual van ser recaptades<br />Quan el titular de les mateixes retiri el consentiment<br />Quan l’interessat s’oposi al tractament<br />Quan hagin de suprimir-se en compliment d’una obligació legal<br />Quan les dades s’hagin obtingut en virtut d’un servei de societat de la informació sobre la base del que es disposa en l’art. 8 apt. 1 del Reglament Europeu sobre protecció de dades.<br />Dret d’oposició: dret a oposar-se a un determinat tractament basat en el consentiment de l’interessat.<br />Dret de limitació: dret a obtenir la limitació del tractament de les dades en els següents supòsits:<br />Quan l’interessat impugni l’exactitud de les dades personals, durant un termini que permeti a l’empresa verificar l’exactitud de les mateixes.<br />Quan el tractament sigui il·lícit i l’interessat s’oposi a la supressió de les dades.<br />Quan l’empresa ja no necessiti les dades per a les finalitats pels quals van ser recaptades, però l’interessat les necessiti per a la formulació, l’exercici o la defensa de reclamacions.<br />Quan l’interessat s’hagi oposat al tractament mentre es verifica si els motius legítims de l’empresa prevalen sobre els de l’interessat.<br />Dret a la portabilitat: dret a obtenir les dades en un format estructurat, d’ús comú i de lectura mecànica, i a transmetre-les a un altre responsable del tractament quan:<br />El tractament estigui basat en el consentiment<br />El tractament s’efectuï per mitjans automatitzats<br />Dret a presentar una reclamació davant l’autoritat de control competent</p>
<p>Els interessats podran exercitar els drets indicats, dirigint-se a Fund. Muntanyencs per l’Himàlaia mitjançant escrit, remès a la següent adreça electrònica: rgdp@mount4him.org indicant en la línia d’Assumpte el dret que desitja exercitar.</p>
<p>En aquest sentit, Fund. Muntanyencs per l’Himàlaia atendrà la seva sol·licitud com més aviat millor i tenint en compte els terminis previstos a la normativa en matèria de protecció de dades.</p>
<p>Seguretat<br />Les mesures de seguretat adoptades per Fund. Muntanyencs per l’Himàlaia són aquelles requerides, de conformitat amb l’establert a l’article 32 del RGPD. En aquest sentit, Fund. Muntanyencs per l’Himàlaia, tenint en compte l’estat de la tècnica, els costos d’aplicació i la naturalesa, l’abast, el context i les finalitats del tractament, així com els riscos de probabilitat i gravetat variables per als drets i les llibertats de les persones físiques, té establertes les mesures tècniques i organitzatives apropiades per garantir el nivell de seguretat adequat al risc existent.</p>
<p>En tot cas, Fund. Muntanyencs per l’Himàlaia té implementats els mecanismes suficients per a:</p>
<p>Garantir la confidencialitat, integritat, disponibilitat i resiliència permanents dels sistemes i serveis de tractament.<br />Restaurar la disponibilitat i l’accés a les dades personals de forma ràpida, en cas d’incident físic o tècnic.<br />Verificar, avaluar i valorar, de forma regular, l’eficàcia de les mesures tècniques i organitzatives implantades per garantir la seguretat del tractament.<br />Pseudonimitzar i xifrar les dades personals, si escau.</p>
								</div>
				</div>
					</div>
				</div>
				</div>
